 greatest common divisor of h and 6?
6
Let c be 1/2 - (-110)/4. Let f = 16 - 2. Suppose 3*w + 2 = f. Calculate the highest common factor of w and c.
4
Let a(k) = 15*k - 5. Let u be a(6). Calculate the highest common divisor of u and 51.
17
Suppose -45 = -3*n - 2*n. Calculate the highest common factor of n and 45.
9
Let g be 2/(1 + 1) + 1. Suppose g*z = z. Suppose 104 = -z*k + k. What is the greatest common divisor of k and 13?
13
Let k be 62*(-1 - (-2 - -2)). Let y be (-2)/(-11) + k/(-22). What is the highest common divisor of y and 6?
3
Suppose 0 = -3*v + 6, v - 98 = -3*d + 3*v. What is the highest common factor of 51 and d?
17
Suppose -39 = -3*f + 18. What is the greatest common factor of 171 and f?
19
Let b be 1/8 + (-316)/(-32). What is the greatest common divisor of 20 and b?
10
Let y(f) = -f + 7. Let q be y(7). Let g be (-9 - -10) + 20 + q. Calculate the highest common factor of 168 and g.
21
Let f = -5 + 27. Suppose -2*w + 52 = 2*x, 5*x + 2 = f. Calculate the highest common divisor of 66 and w.
22
Let u(a) = -1 - 4 + 2 - 7*a. Let g(r) = -r**3 + 7*r**2 - 6*r - 5. Let i be g(6). Let j be u(i). What is the highest common factor of 8 and j?
8
Suppose -88 = -9*j + j. Suppose 0 - 88 = -2*v. What is the highest common divisor of v and j?
11
Suppose s + 4*u = 3*s - 144, 2*s - 141 = u. Calculate the greatest common factor of 10 and s.
10
Suppose -5*v = -0*v - 15. Suppose 5*h = -m - 9, -m - v*h + 7 = -2*h. Suppose 4*q + 2*k = 6, 2*k - 6 = -3*q - 1. What is the highest common divisor of m and q?
1
Suppose 3*b = -0*b + 36. Let l = -2 + b. What is the greatest common divisor of 10 and l?
10
Let l(d) = -71*d + 8. Let w(m) = -72*m + 7. Let a(h) = 2*l(h) - 3*w(h). Let v be a(2). What is the highest common divisor of v and 13?
13
Suppose 4*g + 0*g - y - 33 = 0, -5*g - y = -30. Calculate the greatest common factor of g and 119.
7
Suppose 54 = 3*j + 15. Calculate the highest common factor of j and 52.
13
Let v(j) = 13*j + 3. Let x be v(1). Calculate the greatest common factor of x and 32.
16
Suppose -2*w - 274 = -4*r - 114, 2*r - 3*w = 80. Suppose 3*l - r = l. Calculate the highest common divisor of l and 8.
4
Let r = 17 - 11. Let w = -64 - -106. Calculate the greatest common divisor of w and r.
6
Let j = -20 + 16. Let p be j/(-16)*2*28. What is the highest common factor of p and 21?
7
Suppose 0*g = 3*z - 2*g - 64, -4*g = z - 40. What is the highest common factor of z and 3?
3
Let a(m) = -4*m**2 - 3 - m + m**2 + 5*m + 2*m**2. Let u be a(2). Let n(j) = 8*j**2 - 1. Let r be n(u). What is the greatest common factor of r and 35?
7
Let k be 112 + (-23)/(-8) + 1/8. Let f = 0 - -23. What is the highest common divisor of k and f?
23
Suppose -435 = -5*f - 5*v, -f + 2*v = 4*f - 470. Suppose 4*w = -k + f, w - 22 = k + 6. What is the greatest common divisor of 12 and w?
12
Let v = 2 + 4. Let i be (-2)/6 + 14/v. What is the highest common factor of i and 5?
1
Suppose 5*f - 120 = -5*w, 0 = 3*f - 0*f. What is the greatest common factor of 8 and w?
8
Suppose -3*g = 7 + 2. Let u = g + 4. Let l = -7 - -18. What is the highest common divisor of u and l?
1
Let v = 20 - 33. Let g = v + 77. What is the greatest common divisor of g and 8?
8
Let r be (-9)/(-6)*2/3. Let c be (-1)/(-3)*(r + 20). Suppose 134 = 2*p + 2*t, -p + 56 = -4*t + 9. Calculate the highest common factor of p and c.
7
Let h(v) = 2*v**2 - 7*v + 5. Let s be h(3). Calculate the greatest common divisor of s and 8.
2
Suppose 2*r - 2*n = n + 10, -2*n = -4*r + 36. Let k be (-1076)/(-11) + 2/r. Suppose 28 = 5*y - 3*y. Calculate the greatest common divisor of y and k.
14
Let r(d) = -d**2 - 18*d - 67. Let i be r(-10). Let x(s) = -s**3 + 4*s**2 + 3*s + 1. Let k be x(-4). What is the highest common divisor of k and i?
13
Let u be (-3)/((-9)/97) - (-4)/6. Suppose j - 1 = -2, -5*b - j = -824. What is the greatest common divisor of b and u?
33
Let z = 11 - 5. What is the highest common factor of 96 and z?
6
Suppose 13*q + 234 = 26*q. What is the greatest common divisor of q and 18?
18
Suppose 3*d - 7*d + 4*o + 108 = 0, 123 = 4*d - o. Calculate the greatest common factor of 40 and d.
8
Suppose 2*s = 147 + 33. Let q be (50/(-35))/(2/(-14)). What is the highest common factor of s and q?
10
Let r be 0 - (-72 + (-3 - -3)). Calculate the greatest common divisor of r and 48.
24
Suppose 0 = 3*b + 4*b - 21. What is the greatest common factor of b and 4?
1
Let m be 190/8 + 6/(-8). Let o = m + -11. What is the greatest common factor of o and 6?
6
Let x(a) = -a**3 - a**2 + 8*a + 4. Suppose -2 = q + 3. Let t be x(q). Calculate the greatest common factor of t and 160.
32
Let j be (-2)/(-36)*3 - 1714/(-12). Calculate the highest common factor of 13 and j.
13
Let i = 960 - -9. Let y be i/9 + 1/3. Suppose 5 = -g + 17. What is the highest common factor of g and y?
12
Let r be -1*(-9)/6*2. Suppose 0 = 4*q - r*l - 61, -2*l - 4 = 2. What is the highest common factor of 104 and q?
13
Let w(z) = 7*z - 2. Let f be w(2). Let j be ((3 - 2) + -7)/(-1*2). Calculate the highest common divisor of f and j.
3
Let i = -9 + 15. What is the highest common divisor of 4 and i?
2
Suppose -4*s + 2*j - 26 = -2*s, 5*s + 63 = 4*j. Let f = 16 + s. Let l = -5 + 7. Calculate the highest common factor of l and f.
1
Suppose 0 = 4*l + 5*z - 26 - 114, -105 = -3*l - 3*z. Let h = -19 + l. Calculate the greatest common factor of h and 176.
16
Let o(x) = -x**3 + x**2 + 2*x. Let c be o(2). Let j = -1 - c. Let i be (1 - 2 - j) + 10. What is the greatest common factor of 20 and i?
10
Suppose -3*h + 4*g - 20 = 0, -5*g + 5 = 2*h - 4*g. Suppose -14 + h = -2*u. What is the highest common divisor of u and 21?
7
Suppose -2*z + 133 = 5*h + 4, 5*z - 93 = -4*h. Suppose 0 = 5*b - b - 12. What is the greatest common factor of h and b?
3
Let n be (1 + 0)/(-1)*-1. Suppose k = n + 8. Calculate the highest common divisor of 18 and k.
9
Suppose 40 = 23*h - 19*h. Suppose -4*d + 80 = -0. What is the greatest common divisor of h and d?
10
Let k be 8/(-4) + 1*13. Let q = k + -9. What is the highest common factor of 6 and q?
2
Suppose 4 = 5*n + 5*b - 46, -3*b - 15 = 0. Let g = 76 - 46. Calculate the highest common divisor of g and n.
15
Suppose 2*a + 75 = 5*a. Let q be (6 + 0)*10/(-15). Let n = q + 14. Calculate the greatest common divisor of n and a.
5
Let d(r) = -2*r**3 + 5*r**2 + 5*r - 4. Let j be d(4). Let g be 10/(-25) + j/(-5). Let z be (-88)/(-12) + 4/g. Calculate the highest common factor of z and 72.
8
Suppose 3*h - 2*k + 2 = 0, -3*k + 14 = -h + k. Suppose h*p + 0*p - 2 = 0. What is the highest common divisor of p and 7?
1
Let v(m) = -m**3 - 13*m**2 - 2*m - 8. Let y be v(-13). What is the highest common divisor of y and 27?
9
Suppose -p - 2*p + 172 = k, p - 5*k = 84. Suppose -3*i - 11 = -p. Calculate the highest common factor of 128 and i.
16
Let z be (-9 - -10)/((-2)/(-22)). Let n be 12/(-16) + z/4. What is the greatest common factor of 18 and n?
2
Suppose 59 - 8 = i. Suppose -5*r + 3*q = -480, q = 7 - 2. Suppose 2*t = -31 + r. Calculate the highest common factor of t and i.
17
Suppose 18 = -3*d + 6*d. What is the highest common divisor of d and 48?
6
Suppose 2*b - 6 = b. Let h be (-4)/b + 3576/18. What is the highest common factor of h and 22?
22
Suppose 3*n - 49 = f, -3*f = -3*n - 0*f + 39. Calculate the highest common factor of n and 45.
9
Suppose 28 = 5*x + 8. Suppose 3*r = x*p + 42, 5*p + 21 = 2*r - 14. Let g = -6 - -16. What is the greatest common factor of r and g?
10
Let i(u) = u - 5. Let o be i(9). Suppose 3*f + 140 = o*x - f, -4*x - 2*f = -146. Let j be 6/(3/4*2). What is the greatest common divisor of x and j?
4
Suppose 5*y - 2*h + 54 = 234, 5*h = -4*y + 111. Calculate the highest common divisor of y and 85.
17
Let m be (-12)/(-8)*10/3. What is the greatest common factor of 60 and m?
5
Let a(z) be the first derivative of -z**4/4 - 4*z**3/3 - 2*z**2 - 10*z + 4. Let s be a(-4). Calculate the highest common divisor of 66 and s.
6
Let p be 10/4*196/35. Calculate the highest common factor of 14 and p.
14
Suppose 8*q = 3*q + 15. Let w be (-518)/(-28) + q/2. What is the greatest common divisor of w and 160?
20
Let u be (4 + -2)/(6/648). Let i = -13 - -1. Let k = 39 + i. What is the greatest common divisor of k and u?
27
Suppose -3*t + 2*t = -16. Calculate the highest common factor 